common divisor of 18245 and 410?
205
Calculate the highest common factor of 72 and 371496.
24
What is the highest common divisor of 48840 and 16?
8
Calculate the highest common factor of 2130 and 525.
15
What is the greatest common factor of 122 and 338?
2
Calculate the greatest common factor of 3 and 8349.
3
What is the highest common factor of 75 and 774030?
15
Calculate the highest common factor of 54 and 73512.
18
Calculate the highest common divisor of 9981702 and 159.
159
What is the greatest common divisor of 202 and 167357?
101
What is the greatest common divisor of 42 and 64526?
14
Calculate the highest common divisor of 97653 and 387.
129
Calculate the greatest common factor of 42 and 89194.
14
What is the highest common divisor of 5 and 6519515?
5
Calculate the highest common divisor of 170 and 5470.
10
What is the highest common factor of 123768 and 19864?
1528
Calculate the highest common factor of 40 and 160.
40
What is the greatest common factor of 26980 and 2272?
284
Calculate the greatest common factor of 5973 and 362.
181
What is the greatest common factor of 319597 and 17534?
797
What is the highest common factor of 256704 and 11088?
336
Calculate the highest common factor of 558 and 3931482.
186
What is the greatest common factor of 3660 and 5700?
60
Calculate the greatest common divisor of 272 and 215662.
34
Calculate the greatest common divisor of 6081465 and 390.
195
What is the highest common factor of 5504 and 34?
2
What is the greatest common factor of 2785 and 81879?
557
What is the greatest common factor of 375 and 10515?
15
Calculate the greatest common factor of 6896 and 368.
16
Calculate the greatest common factor of 26 and 2357.
1
What is the greatest common factor of 1219714 and 745?
149
What is the greatest common factor of 989264 and 17?
17
What is the highest common divisor of 11856 and 200184?
456
Calculate the greatest common divisor of 693 and 78771.
231
What is the greatest common factor of 3249 and 156066?
57
What is the highest common divisor of 32882 and 781950?
802
Calculate the highest common factor of 14 and 149282.
14
Calculate the highest common factor of 3888 and 35478.
486
Calculate the highest common divisor of 42405 and 390.
15
What is the highest common factor of 643515 and 15?
15
Calculate the greatest common factor of 15903 and 195021.
837
What is the greatest common factor of 24 and 56612?
4
Calculate the highest common factor of 567 and 142317.
567
Calculate the highest common divisor of 1032 and 1014.
6
What is the greatest common divisor of 589871 and 38246?
1471
What is the highest common divisor of 432 and 5968?
16
Calculate the highest common factor of 188 and 37348.
4
Calculate the greatest common divisor of 1121260 and 35.
35
Calculate the greatest common divisor of 77514 and 6.
6
What is the highest common divisor of 86 and 112402?
86
Calculate the highest common divisor of 279811 and 6958.
497
What is the greatest common divisor of 77638 and 44?
22
What is the greatest common divisor of 53498 and 92?
46
What is the greatest common divisor of 74886 and 2352?
42
What is the highest common factor of 1515 and 3685?
5
Calculate the greatest common factor of 18161 and 381.
127
Calculate the highest common divisor of 4696 and 168.
8
What is the highest common divisor of 4246 and 9042?
22
Calculate the highest common factor of 1619100 and 42.
42
What is the highest common factor of 654 and 4?
2
What is the highest common factor of 1560 and 2985?
15
Calculate the greatest common divisor of 3 and 106527.
3
Calculate the greatest common divisor of 44 and 228349.
11
Calculate the greatest common divisor of 1670555 and 1145.
1145
Calculate the greatest common divisor of 116 and 1150459.
29
What is the greatest common factor of 120 and 2928?
24
What is the highest common divisor of 4998066 and 402?
402
What is the greatest common divisor of 72711 and 279?
9
What is the greatest common factor of 1388742 and 177?
177
Calculate the greatest common divisor of 773796 and 60.
12
Calculate the greatest common factor of 130900 and 4.
4
Calculate the highest common factor of 752 and 90757.
47
What is the highest common factor of 86 and 2122?
2
Calculate the highest common factor of 40 and 19168.
8
What is the highest common divisor of 105 and 40485?
15
What is the highest common divisor of 200 and 823325?
25
What is the highest common factor of 232 and 96193?
29
What is the greatest common divisor of 1009086 and 204?
102
What is the greatest common factor of 4811 and 32?
1
What is the greatest common divisor of 202 and 13231?
101
Calculate the highest common divisor of 1119127 and 17.
17
What is the highest common divisor of 2703 and 512669?
901
Calculate the greatest common divisor of 3705334 and 246.
82
What is the highest common factor of 81450 and 1470?
30
Calculate the greatest common divisor of 64668 and 204.
204
Calculate the highest common divisor of 64375 and 13750.
625
Calculate the greatest common divisor of 99 and 44220.
33
Calculate the highest common factor of 9216 and 900.
36
Calculate the highest common divisor of 11811584 and 1376.
1376
What is the greatest common divisor of 168951 and 566?
283
What is the highest common divisor of 316863 and 17?
17
What is the highest common divisor of 440649 and 990?
99
What is the greatest common divisor of 5790 and 24897?
579
Calculate the highest common factor of 391 and 5797.
17
Calculate the greatest common divisor of 1604551 and 13.
13
Calculate the greatest common factor of 8 and 2854.
2
Calculate the greatest common factor of 54414 and 36.
18
Calculate the greatest common factor of 22056 and 36.
12
Calculate the highest common divisor of 54018 and 21.
3
What is the highest common divisor of 588 and 104034?
42
Calculate the greatest common factor of 1305 and 1071.
9
What is the highest common divisor of 9 and 38061?
9
What is the greatest common factor of 1408 and 1892?
44
What is the greatest common factor of 932299 and 82?
41
Calculate the highest common factor of 72422 and 6909.
49
Calculate the greatest common factor of 2394545 and 890.
445
Calculate the greatest common factor of 600 and 8472.
24
What is the greatest common factor of 1248 and 5532?
12
What is the greatest common factor of 748027 and 7?
7
Calculate the greatest common divisor of 546282 and 1364.
682
What is the greatest common divisor of 100 and 5450?
50
What is the greatest common divisor of 29344 and 92486?
262
What is the greatest common divisor of 23697 and 45?
9
What is the greatest common factor of 483 and 35581?
161
What is the highest common factor of 1906001 and 1009?
1009
What is the highest common factor of 21096 and 144?
72
What is the greatest common divisor of 186 and 755997?
93
Calculate the highest common factor of 208 and 4512.
16
What is the greatest common divisor of 186922 and 3002?
38
Calculate the greatest common divisor of 17204 and 528.
44
What is the greatest common factor of 3959850 and 150?
150
Calculate the greatest common factor of 245 and 1085.
35
What is the highest common factor of 63 and 6183?
9
What is the highest common factor of 722241 and 117?
117
What is the highest common divisor of 68285 and 14595?
35
Calculate the greatest common factor of 12 and 261633.
3
What is the greatest common factor of 14448 and 784?
112
What is the highest common factor of 31098 and 1917?
213
Calculate the greatest common factor of 884 and 1818388.
884
Calculate the highest common divisor of 201158 and 92.
46
Calculate the greatest common factor of 17901 and 3757.
221
What is the highest common factor of 48 and 188008?
8
What is the greatest common factor of 3612 and 174666?
258
Calculate the greatest common factor of 355552 and 11653.
271
What is the greatest common divisor of 705739 and 2032?
127
What is the greatest common divisor of 4438 and 94466?
634
What is the greatest common factor of 9750 and 15210?
390
Calculate the greatest common factor of 810 and 1470.
30
What is the greatest common divisor of 70 and 1436750?
70
Calculate the greatest common factor of 78953 and 77.
7
Calculate the greatest common factor of 220 and 198.
22
Calculate the greatest common factor of 269943 and 402.
201
Calculate the highest common divisor of 608510 and 112.
14